6 (base 13) in base 7?
1400
What is 125545 (base 6) in base 12?
68b5
Convert -2b (base 13) to base 11.
-34
What is 32770 (base 8) in base 10?
13816
580 (base 14) to base 6
5020
-12020 (base 6) to base 11
-1342
Convert 10615 (base 7) to base 14.
db5
-1010000110 (base 2) to base 3
-212221
1ce (base 15) to base 7
1136
Convert 17235 (base 13) to base 14.
1221c
What is -13534 (base 6) in base 14?
-ad4
Convert -21120 (base 8) to base 10.
-8784
-25828 (base 10) to base 14
-95ac
Convert a58a (base 11) to base 16.
36bd
What is 5204 (base 11) in base 13?
31ab
Convert -18a (base 16) to base 6.
-1454
-1a01 (base 11) to base 5
-40132
What is -1c677 (base 14) in base 13?
-27097
What is 86b (base 12) in base 16?
4d3
1101101001 (base 2) to base 7
2355
1021111 (base 3) to base 16
3a3
Convert 251333 (base 6) to base 12.
10b49
Convert -1100 (base 6) to base 16.
-fc
-20101122 (base 3) to base 9
-6348
What is -fb67 (base 16) in base 13?
-233a9
Convert -262 (base 8) to base 14.
-ca
What is -1100000100 (base 2) in base 5?
-11042
Convert -1804 (base 11) to base 4.
-203333
-38005 (base 9) to base 15
-7865
1229 (base 11) to base 5
22404
What is 86b7 (base 14) in base 9?
34846
9301 (base 10) to base 13
4306
12101 (base 4) to base 15
1bb
1b6b8 (base 14) to base 3
10112221022
-e89 (base 16) to base 15
-1181
1588 (base 16) to base 11
4161
4424130 (base 5) to base 15
17b45
Convert 10958 (base 10) to base 16.
2ace
303 (base 4) to base 12
43
What is 252333 (base 7) in base 16?
b58c
36f (base 16) to base 15
3d9
Convert -1236 (base 8) to base 2.
-1010011110
1913b (base 13) to base 2
1011110110101001
What is 17454 (base 8) in base 13?
382b
What is -5a7 (base 11) in base 3?
-222202
Convert 143673 (base 9) to base 6.
1515320
Convert -3d4e (base 15) to base 5.
-404444
Convert 292 (base 12) to base 11.
332
Convert 212 (base 12) to base 2.
100101110
37592 (base 10) to base 9
56508
Convert -1310 (base 4) to base 16.
-74
-6974 (base 13) to base 5
-433143
What is 4e0b (base 15) in base 11?
11577
Convert -2908 (base 14) to base 3.
-100221220
What is -1016 (base 7) in base 14?
-1b6
-33122 (base 4) to base 10
-986
What is 20311 (base 8) in base 12?
4a35
What is 72620 (base 10) in base 12?
36038
-1011 (base 2) to base 9
-12
-111120 (base 3) to base 12
-266
1b6 (base 13) to base 8
476
Convert -121310 (base 4) to base 3.
-2021012
12303323 (base 4) to base 6
333055
What is 51024 (base 6) in base 4?
1220320
Convert -1f83 (base 16) to base 13.
-3897
-1340 (base 6) to base 11
-297
Convert -1010100110010 (base 2) to base 13.
-2615
What is 100100011100 (base 2) in base 12?
1424
What is -18261 (base 9) in base 14?
-484a
-1428 (base 10) to base 9
-1856
Convert -11100120 (base 3) to base 5.
-100144
5748 (base 9) to base 4
1002200
-7a24 (base 11) to base 3
-112110212
What is 1240 (base 10) in base 13?
745
10363 (base 11) to base 2
11101011100001
-678 (base 9) to base 3
-202122
Convert -1318 (base 11) to base 4.
-122301
Convert 1540 (base 8) to base 14.
45a
What is 4140 (base 7) in base 14?
757
Convert 220202 (base 3) to base 12.
478
Convert -2030300 (base 4) to base 3.
-110100122
Convert 11100001101 (base 2) to base 6.
12205
Convert 8aa9 (base 15) to base 11.
20106
-a263 (base 12) to base 4
-10103223
What is 12834 (base 11) in base 12?
a718
Convert -130203 (base 6) to base 8.
-26733
24434 (base 6) to base 16
e26
What is -43540 (base 11) in base 16?
-f6e6
-14c65 (base 14) to base 5
-3124313
What is 3012 (base 4) in base 11?
170
What is 80 (base 14) in base 5?
422
What is 692 (base 12) in base 9?
1302
What is -337 (base 12) in base 16?
-1db
Convert -234143 (base 5) to base 9.
-12806
What is 541 (base 6) in base 7?
412
What is 1034 (base 5) in base 10?
144
-371 (base 16) to base 2
-1101110001
Convert -1403b (base 15) to base 9.
-107032
What is 52 (base 16) in base 7?
145
1bb6 (base 12) to base 14
1386
-8465 (base 10) to base 6
-103105
What is 312 (base 13) in base 9?
640
23111212 (base 4) to base 15
db5d
What is 94 (base 13) in base 3?
11111
Convert -4788 (base 14) to base 16.
-30b4
Convert -1045552 (base 6) to base 7.
-310622
What is -143 (base 12) in base 9?
-236
What is 2304 (base 14) in base 3?
22100012
What is a863 (base 11) in base 9?
21611
697 (base 12) to base 8
1723
What is -4592 (base 10) in base 9?
-6262
Convert -1411 (base 7) to base 2.
-1000100011
What is 32113 (base 5) in base 8?
4156
What is 2e0 (base 15) in base 3?
220110
What is 100100101000101 (base 2) in base 11?
13102
What is b74 (base 14) in base 7?
6404
Convert 2797 (base 10) to base 2.
101011101101
What is -799 (base 16) in base 2?
-11110011001
12a (base 15) to base 7
526
-1448 (base 11) to base 2
-11101001011
-115415 (base 6) to base 4
-2201003
12406 (base 7) to base 4
303121
What is 14b (base 12) in base 4?
3023
957 (base 12) to base 14
6d5
47767 (base 9) to base 8
76347
1b6 (base 12) to base 2
100011010
What is -1522 (base 8) in base 10?
-850
What is 1512310 (base 6) in base 4?
111111102
c023 (base 16) to base 7
263255
What is -1011110000 (base 2) in base 3?
-1000212
3022 (base 7) to base 3
1102201
-61 (base 12) to base 5
-243
What is b7b (base 16) in base 11?
2232
a35a (base 12) to base 7
102562
What is 56330 (base 9) in base 7?
214116
Convert 131110 (base 5) to base 13.
2467
-117551 (base 8) to base 14
-10c2d
What is 5073 (base 8) in base 6?
20043
What is b76a (base 16) in base 7?
253615
Convert -3453 (base 16) to base 3.
-200101010
23283 (base 9) to base 5
444141
What is -3023323 (base 4) in base 14?
-4a83
20110 (base 9) to base 3
200010100
What is -1f9 (base 16) in base 12?
-361
Convert -294 (base 10) to base 4.
-10212
Convert -1014 (base 8) to base 4.
-20030
Convert -532 (base 11) to base 6.
-2544
What is -16b (base 15) in base 10?
-326
Convert 8741 (base 15) to base 13.
1005a
Convert -25bd (base 16) to base 13.
-4522
-13433 (base 8) to base 4
-1130123
Convert -304103 (base 5) to base 3.
-111120210
544 (base 6) to base 11
17a
11741 (base 11) to base 4
10013200
Convert 101011000 (base 2) to base 16.
158
What is 1020244 (base 5) in base 10?
16949
What is 17bb (base 13) in base 14?
1406
-20a (base 15) to base 7
-1225
What is -11100100001 (base 2) in base 16?
-721
What is 14a (base 12) in base 14?
106
1310551 (base 6) to base 14
1c0a7
-102400 (base 6) to base 15
-271c
655 (base 9) to base 10
536
What is 483 (base 13) in base 15?
373
What is -2826 (base 12) in base 5?
-122023
Convert -324213 (base 5) to base 3.
-120100012
Convert -6562 (base 13) to base 12.
-81b7
What is 121311 (base 5) in base 10?
4581
What is 562 (base 8) in base 5?
2440
822 (base 16) to base 10
2082
-110 (base 7) to base 15
-3b
What is 247 (base 16) in base 15?
28d
Convert -2202 (base 3) to base 8.
-112
What is 640 (base 16) in base 4?
121000
121c9 (base 13) to base 15
9ce4
-4073 (base 10) to base 14
-16ad
Convert 1110010 (base 2) to base 4.
1302
Convert 102021 (base 3) to base 2.
100110000
What is 257 (base 16) in base 2?
1001010111
Convert 1063b (base 13) to base 4.
13032321
What is -1574 (base 8) in base 12?
-624
What is 10000011001000 (base 2) in base 14?
30b6
-2020210 (base 3) to base 13
-993
-43 (base 14) to base 10
-59
What is -6365 (base 12) in base 5?
-322002
What is -499 (base 10) in base 6?
-2151
c97 (base 13) to base 8
4150
Convert 2537 (base 11) to base 9.
4474
-29645 (base 13) to base 10
-77966
451 (base 8) to base 15
14c
Convert -1479 (base 10) to base 3.
-2000210
What is 103305 (base 7) in base 11?
12573
Convert 10011000101010 (base 2) to base 7.
40325
100100111 (base 2) to base 12
207
10010100 (base 3) to base 14
b89
What is 13547 (base 8) in base 6?
43423
Convert -2 (base 15) to base 4.
-2
-4102 (base 5) to base 13
-317
What is -2d7 (base 14) in base 16?
-245
-6130 (base 15) to base 7
-113553
157 (base 16) to base 11
292
24317 (base 9) to base 2
11111110101001
125 (base 12) to base 15
b8
14d3 (base 15) to base 2
1000101111001
What is 1011 (base 5) in base 15?
8b
Convert 10021200 (base 3) to base 11.
1887
Convert ce6 (base 16) to base 12.
1ab2
What is -73474 (base 9) in base 7?
-261262
Convert 12211211 (base 3) to base 10.
4261
Convert -13012121 (base 4) to base 5.
-1412311
Convert -6cc6 (base 16) to base 13.
-c8a0
-6 (base 16) to base 11
-6
Convert 99c (base 15) to base 14.
b12
Convert 155 (base 6) to base 10.
71
What is -5032 (base 10) 